*f + 2661. What is the thousands digit of a?
2
Suppose 3*g + 6*g = 36. What is the units digit of (-582)/9*(g - 22/4)?
7
Let g(t) = -135*t + 205. What is the hundreds digit of g(-6)?
0
Let p(x) be the second derivative of x**5/20 - 23*x**4/12 + 13*x**3/6 + 13*x**2/2 - x - 22. What is the units digit of p(23)?
2
Suppose 0 = -16*w - 18*w + 48450. What is the hundreds digit of w?
4
Let r(d) = 10*d - 3 - 9*d**2 - d**3 + 10*d + 0*d**2 - 4*d. What is the tens digit of r(-11)?
6
Let q be 3 - ((0 + -3)/3 + 9). What is the hundreds digit of 179 + (0 + 0 - (q + 5))?
1
Let j(f) = -f**2 + f - 1. Let g(t) = -t**3 + 9*t**2 - 6*t + 3. Let l(c) = g(c) - 2*j(c). Let y be l(10). Let b = -18 + y. What is the units digit of b?
7
Let z(h) = -h**3 - 7*h**2 + 15*h - 12. Let r be z(6). Let l = r + 608. What is the tens digit of l?
1
What is the tens digit of -6 - (-337 - 5) - 1?
3
Let m(d) = 24*d - 2. Let o be m(2). Let k = 74 - o. What is the units digit of k?
8
Suppose -q + 24 = 2*q. Let o = -10 + q. What is the units digit of ((-90)/25)/(o/10)?
8
Let v be (-4 - 30/(-9))*-9. Let a(m) = -m + 7. Let q be a(v). Suppose 20 + q = b. What is the units digit of b?
1
Let w be 32/(-176) + (-24)/(-11). Suppose 35 = -w*f + 3*f. What is the units digit of f?
5
Suppose -4*z = -0*z + 24. Let r(q) = 5*q**2 + 8*q + 1. What is the units digit of r(z)?
3
Suppose -2*m = -3 + 1. Let b(x) = 25*x - 1. Let f be b(m). Let t = 87 - f. What is the units digit of t?
3
Let l = -472 - -893. What is the hundreds digit of l?
4
Let r = 289 + 129. Suppose s + 0*s = -v + 130, 0 = -3*s + 4*v + r. What is the hundreds digit of s?
1
Suppose 0 = -22*n + 30*n - 15664. What is the thousands digit of n?
1
Let y = -2 + 2. Let m(q) = q + 12. Let n be m(y). What is the units digit of (128/n + 2)*3?
8
Suppose -6*s + s + 4*a = -1426, -a = -5*s + 1414. Let y = s - 162. What is the hundreds digit of y?
1
Let o(s) = 3 - s**3 - s - 5*s**2 - 4 - 2. Let y be o(-5). Suppose -32 = -y*i - 0*i. What is the units digit of i?
6
Let c(r) = -2*r**2 + 17*r + 12. Let m be c(9). Suppose 41 = m*n - 208. What is the units digit of n?
3
Let y(v) be the third derivative of v**6/120 - v**5/10 - v**4/12 + v**3/2 + 2*v**2. What is the tens digit of y(7)?
3
Let i(p) = -p**3 - p**2 - 48. Let l be i(0). Let c be (l/18)/((-4)/6). Suppose c*d - 9*d = -30. What is the units digit of d?
6
Suppose 0*u - 5 = -5*u. Let p(r) = 18*r + 8 - 13 - u. What is the units digit of p(2)?
0
Let w = 15 + 6. What is the hundreds digit of (-1877)/(-7) + (-3)/w?
2
Suppose 4*x - 2374 = 8*c - 10*c, 3*c - 3566 = -x. What is the tens digit of c?
8
Suppose -280*j + 5778 = -274*j. What is the tens digit of j?
6
Let n = -8 + 13. Suppose -50 = 2*f + n*d, -4*f - 3*d - 61 = 25. What is the units digit of (-3)/(-4) - 145/f?
8
Let w = -113 + 109. What is the hundreds digit of (-1)/((-26)/w) - (-27320)/130?
2
Let c(n) = -n**3 - 10*n**2 - 9*n + 3. Let l be c(-9). Suppose 0*k = 2*k - l*d - 365, 5*k = -2*d + 903. What is the units digit of k?
1
Let w(k) = k**2 - 16*k + 10. Let t be w(16). Let y = -5 + t. Suppose y*s - 89 = 96. What is the units digit of s?
7
Let h = -2 + 4. Let x(w) = h*w + 3 - 6*w + 2*w. What is the units digit of x(-3)?
9
Let t = -12 + 15. Let d be (-1 - 0) + t/3. Suppose d*l - 160 = -5*l. What is the units digit of l?
2
Suppose -4*p - 143 = -59. Let c = 22 + p. Let m = c + 0. What is the units digit of m?
1
Let g(f) be the second derivative of -f**5/20 - f**4/4 + 5*f**3/6 - f**2 + 8*f. Let y(j) = j**2 - 4*j - 5. Let v be y(4). What is the units digit of g(v)?
3
Suppose -5*z = a - 31, -a + 5*a - 4 = 0. Suppose z*q - 835 = q. What is the hundreds digit of q?
1
Let z = 9 + 60. Suppose -z = -3*j + 51. What is the units digit of j?
0
What is the units digit of 1/2 - 0 - 17064/(-48)?
6
Suppose 2*i + 0*n - 15 = 3*n, 4 = -4*n. Let y(g) = 7*g**2 - 15*g + 2. What is the units digit of y(i)?
4
Suppose 0 = -x - 3*x + 36. Let a = 74 + -74. Let l = x + a. What is the units digit of l?
9
Suppose 0 = 58*b - 148055 + 13553. What is the hundreds digit of b?
3
Suppose 3*k + 22 = 4*k. Let h = k + -8. Let z = 38 - h. What is the tens digit of z?
2
What is the hundreds digit of (5/(-4)*-3)/((-6)/(-1328))?
8
Let j(o) = 2*o**2 + 15*o + 10. Let v = 48 + -42. What is the tens digit of j(v)?
7
Let c(p) = -p**3 - p**2 - 5. Let g be c(0). Let n(h) = h**2 - 6*h - 5. Let w be n(g). Let v = w + -30. What is the tens digit of v?
2
Let t(g) = g**2 - 5*g - 7. Let b be t(8). Let y = 43 + -31. Let p = b - y. What is the units digit of p?
5
Let g = 27 - 22. What is the units digit of (-5)/(g/(-89)) - 3?
6
Suppose 0*i = 2*i - 632. Suppose 6*s = 2*s + i. What is the tens digit of s?
7
Let v(a) be the third derivative of a**5/60 + a**4/8 + a**3/3 + 3*a**2. Let h be v(-7). What is the units digit of 2/5 + 78/h?
3
Let u(d) = -212*d**2 + 10. Let x(k) = -425*k**2 - k + 18. Let b(i) = 11*u(i) - 6*x(i). What is the hundreds digit of b(-1)?
2
Let o = -649 + 1277. What is the units digit of o?
8
Let f(g) = -g**3 - 6*g**2 - g - 4. Let q(a) = -a**3 - 6*a**2 - 3. Let m(c) = 2*f(c) - 3*q(c). Let p be m(-6). Let h = p + -5. What is the units digit of h?
8
Let j be (-42 + -1)*(-2 - -1). Suppose -36 = -10*s + 8*s. Let p = j - s. What is the tens digit of p?
2
Let u = -2539 + 3895. What is the tens digit of u?
5
Suppose -25*h + 2632 = -18*h. What is the tens digit of h?
7
What is the hundreds digit of 14/(-35) - ((-1794)/10 - 1)?
1
Let b = 267 + 14. What is the units digit of b?
1
Suppose -24 = -m - z + 48, -92 = -m + 4*z. Suppose -m = -y + 60. What is the units digit of y?
6
Let a(f) = -f**3 - 7*f**2 + 6*f - 6. Suppose 0 = -j - j - 18. Let r be a(j). Let c = r - 69. What is the tens digit of c?
3
Let l be ((-12)/(-8))/(3/38). Let w = l - 16. Suppose -5*u + 5 = -0*u, 4*u + 98 = w*d. What is the units digit of d?
4
Let p(x) = -5*x - 5. Let i be p(1). Let r = 85 - i. What is the tens digit of r?
9
Let q be (-138)/10 + (-2)/10. Let y = -7 - q. What is the units digit of y?
7
Suppose 1107 = 10*n - 93. What is the tens digit of n?
2
Suppose -5*m - 4 = 1. Let i = m - -4. Suppose i*q - 11 = 1. What is the units digit of q?
4
Let y(t) = 2*t + 40. Suppose -3 = -r - 4*g, 0*g - 4 = -2*g. What is the tens digit of y(r)?
3
Let j(t) = -25*t**3 - 2*t**2 + 60*t + 121. What is the hundreds digit of j(-2)?
1
Let p be -3 + 6 - ((-8)/(-2) - 10). Suppose p*a - 1679 = -599. What is the hundreds digit of a?
1
Let y(z) be the third derivative of z**6/120 - 7*z**5/60 + z**4/24 + z**3/6 - 5*z**2. What is the tens digit of y(8)?
7
Let j = 5 - 3. Let t(x) = 4*x**2 - 3*x - 4. Let v be t(6). Suppose j*a - 56 = -5*u, -u = 5*a - v + 5. What is the tens digit of a?
2
Let q(a) be the third derivative of -3*a**2 + 1/24*a**4 + 3/2*a**3 + 0*a + 0. What is the units digit of q(-7)?
2
Suppose -14 = -6*s - 8. Suppose 3*a = 4*d - 34, -d - 2*a + 2 = -s. What is the units digit of d?
7
What is the thousands digit of (-14)/3*12978/(-49)?
1
Let c = 13 + 289. Suppose c = -h + 3*h. What is the tens digit of h?
5
Let b(g) = -g**3 - g**2 - 11*g - 4. Let i be b(-6). Let o = i + -96. What is the tens digit of o?
4
What is the tens digit of 440/16*16/2?
2
Let q(r) = -r**3 - 8*r**2 + 9*r + 23. Let w be q(-10). Let c = w + 148. What is the units digit of c?
1
Suppose 4*g = 66 - 26. What is the tens digit of ((-335)/g)/(3/(-2) + 1)?
6
Suppose 8*v = 4*o - 0*o - 132, 5 = -v. What is the units digit of o?
3
Let c(n) = -20*n + 5. Let u(z) = -20*z + 4. Let l(j) = 3*c(j) - 4*u(j). Suppose -88*b - 7 = -95*b. What is the tens digit of l(b)?
1
Suppose -5*l - 386 = -5*t - 121, -2*l = 2*t - 102. What is the tens digit of t?
5
Suppose u = -49*g + 44*g + 834, u - 838 = -3*g. What is the tens digit of u?
4
Let s(j) = -13*j**2 - 5*j + 25. Let t be s(-7). Let d = t + 849. What is the tens digit of d?
7
Let m(i) = -5*i - 5. Let u be (4 + -1)/((-4)/(-8)). Let q be m(u). Let r = q + 60. What is the tens digit of r?
2
Let y = -248 - -252. What is the units digit of y?
4
Let w(t) = 26*t**2 + 4*t - 4. Suppose 10 = 5*c - 0. What is the hundreds digit of w(c)?
1
Let z = 1636 + 2635. What is the thousands digit of z?
4
Let r(h) = -h**3 - 9*h**2 + 3*h + 30. Let m be r(-9). Suppose m*j - 119 = -4*a + 41, -5*a + 2*j = -223. What is the units digit of a?
3
What is the hundreds digit of -3